Calculate the highest common factor of 108478 and 7300.
146
Calculate the greatest common factor of 3230 and 45560.
170
Calculate the highest common factor of 26169 and 24827.
671
Calculate the greatest common divisor of 22924 and 4.
4
Calculate the highest common divisor of 2574 and 181038.
858
Calculate the greatest common divisor of 2173 and 5.
1
What is the greatest common factor of 158616 and 54?
18
Calculate the highest common factor of 49334 and 2278.
34
What is the greatest common factor of 50830 and 690?
230
Calculate the greatest common divisor of 31056 and 192.
48
Calculate the highest common factor of 3381 and 4557.
147
Calculate the greatest common divisor of 114 and 3331023.
57
Calculate the greatest common divisor of 6 and 223236.
6
Calculate the highest common factor of 1786 and 25574.
38
Calculate the greatest common divisor of 210 and 619500.
210
What is the greatest common divisor of 1602 and 5412?
6
What is the greatest common factor of 1448 and 3021976?
1448
What is the greatest common divisor of 935 and 595?
85
What is the highest common divisor of 1446564 and 4?
4
What is the highest common divisor of 182850 and 318?
318
Calculate the greatest common factor of 56 and 54208.
56
What is the highest common factor of 242489 and 3289?
299
What is the highest common factor of 1358 and 18?
2
What is the highest common divisor of 16 and 244328?
8
Calculate the highest common factor of 125904 and 549.
183
Calculate the greatest common divisor of 8075 and 34.
17
What is the greatest common divisor of 121 and 2288?
11
Calculate the greatest common divisor of 16 and 368.
16
What is the greatest common divisor of 125337 and 758136?
3057
What is the greatest common divisor of 660 and 6330?
30
What is the greatest common divisor of 4 and 349198?
2
Calculate the highest common divisor of 10 and 4824.
2
What is the highest common factor of 450 and 132900?
150
Calculate the greatest common divisor of 959 and 4224395.
959
Calculate the highest common divisor of 126244 and 853.
853
What is the greatest common factor of 200 and 109?
1
Calculate the highest common divisor of 1366011 and 27.
27
Calculate the highest common factor of 373 and 677741.
373
What is the highest common factor of 462141 and 27?
9
Calculate the greatest common divisor of 1302 and 546.
42
Calculate the greatest common divisor of 777689 and 209.
209
What is the highest common factor of 1034 and 18172?
22
What is the highest common factor of 2021 and 9400?
47
What is the highest common factor of 108 and 176742?
54
Calculate the highest common divisor of 115 and 24955.
115
What is the highest common factor of 1354271 and 116?
29
Calculate the greatest common divisor of 14 and 6368474.
14
What is the greatest common divisor of 4440975 and 33?
33
What is the greatest common divisor of 2522 and 1164?
194
Calculate the highest common divisor of 940 and 50995.
235
Calculate the greatest common factor of 66 and 264198.
66
Calculate the greatest common divisor of 84 and 2259236.
28
Calculate the highest common divisor of 1449 and 2940.
21
What is the highest common divisor of 5740 and 369?
41
Calculate the greatest common divisor of 300 and 394575.
75
What is the highest common factor of 303125 and 194?
97
Calculate the highest common factor of 42196 and 5698.
154
What is the highest common divisor of 1482 and 2622?
114
Calculate the greatest common factor of 12896 and 589.
31
Calculate the greatest common divisor of 638561 and 77.
77
Calculate the greatest common factor of 45017 and 24367.
413
What is the highest common factor of 23080 and 376?
8
What is the greatest common divisor of 82042 and 36822?
646
Calculate the greatest common factor of 11078 and 13746.
58
Calculate the greatest common divisor of 235522 and 742.
14
Calculate the greatest common factor of 57407 and 556.
139
What is the highest common divisor of 239969 and 1268?
317
What is the greatest common factor of 50204 and 2608?
652
What is the highest common factor of 414 and 402?
6
What is the greatest common factor of 2645 and 32200?
115
What is the greatest common divisor of 3875095 and 7420?
1855
What is the highest common divisor of 14605 and 437?
23
What is the greatest common divisor of 35 and 49105?
35
What is the highest common divisor of 17684 and 116?
4
Calculate the greatest common factor of 17408 and 782.
34
Calculate the highest common factor of 824 and 2453666.
206
What is the highest common factor of 31926 and 34?
34
What is the highest common factor of 22048 and 15392?
416
What is the greatest common divisor of 274832 and 8?
8
What is the greatest common factor of 39964 and 97?
97
Calculate the greatest common factor of 485 and 24775.
5
What is the highest common divisor of 9878 and 66?
22
Calculate the highest common factor of 188896 and 24.
8
Calculate the greatest common divisor of 548840 and 80.
40
Calculate the greatest common factor of 51 and 681581.
17
Calculate the highest common divisor of 915 and 17568.
183
Calculate the greatest common factor of 3405 and 7020.
15
What is the highest common factor of 88 and 5412?
44
What is the highest common divisor of 25 and 589950?
25
Calculate the greatest common divisor of 25221 and 567.
21
What is the greatest common divisor of 60 and 59745?
15
What is the greatest common divisor of 182392 and 196?
28
Calculate the greatest common divisor of 1263 and 312803.
421
Calculate the greatest common divisor of 90 and 29090.
10
Calculate the greatest common divisor of 21580 and 6972.
332
Calculate the greatest common factor of 5211 and 7083.
9
What is the highest common divisor of 648 and 17928?
216
What is the highest common factor of 28272 and 288672?
1488
Calculate the highest common divisor of 28233 and 72.
9
Calculate the greatest common divisor of 1104 and 276.
276
What is the greatest common divisor of 203400 and 96?
24
What is the greatest common factor of 360 and 70530?
30
Calculate the greatest common divisor of 567427 and 206.
103
What is the highest common factor of 1419 and 11319?
33
Calculate the highest common divisor of 72857 and 51533.
1777
What is the greatest common factor of 37 and 503903?
37
Calculate the highest common factor of 2530 and 6490.
110
What is the greatest common factor of 8427380 and 260?
260
Calculate the highest common divisor of 36882 and 171.
9
What is the highest common divisor of 33275 and 1936?
121
What is the highest common factor of 12005 and 35?
35
What is the highest common divisor of 1524 and 12512802?
762
Calculate the highest common factor of 8 and 15770632.
8
Calculate the highest common divisor of 217960 and 200.
40
What is the highest common factor of 618 and 212?
2
Calculate the highest common factor of 57 and 55043.
19
What is the highest common factor of 38 and 294367?
19
What is the greatest common factor of 1672 and 27797?
209
What is the greatest common factor of 72 and 427208?
8
Calculate the highest common factor of 18827 and 201.
67
What is the highest common factor of 1136 and 2992?
16
Calculate the highest common factor of 142305 and 38160.
795
What is the greatest common divisor of 21 and 961?
1
What is the greatest common divisor of 1179 and 262?
131
What is the highest common factor of 13 and 639587?
13
Calculate the greatest common factor of 45 and 14589.
9
What is the greatest common divisor of 140 and 53270?
70
Calculate the highest common factor of 54 and 11898.
18
What is the highest common factor of 367848 and 429?
39
What is the highest common factor of 28 and 12474?
14
Calculate the greatest common factor of 545637 and 239.
239
Calculate the highest common divisor of 3 and 15909.
3
Calculate the greatest common factor of 96 and 657.
3
Calculate the highest common factor of 2 and 15629.
1
Calculate the greatest common divisor of 868 and 3348.
124
Calculate the highest common divisor of 4165 and 4655.
245
Calculate the highest common factor of 209 and 19547.
11
Calculate the highest common factor of 1560 and 10192.
104
Calculate the greatest common factor of 485077 and 1018.
509
What is the greatest common factor of 4 and 37354?
2
Calculate the highest common factor of 59 and 948.
1
Calculate the greatest common divisor of 67840 and 795.
265
What is the highest common factor of 120 